 - 9)?
-60
Evaluate -83 - -101 - (9 + -21 + 6).
24
What is the value of -22 + (-994 + 1050 - (-1 + 26))?
9
17 - ((13 - (2 + 19)) + 14) - -26
37
-3534 + 3418 - (0 - 196)
80
Calculate 11 + (7 + -6 - 4 - -3) - (-129 + 184).
-44
36 + (4 + 7 - (-13 - (4 + -12)))
52
What is the value of 9 + -63 + 65 + -21?
-10
Calculate -6 + -5 + 14 + 19 - (29 + -22).
15
What is the value of (2 - 2) + (-319 - -356) - 70?
-33
What is the value of -12 - (-47 + (3 - -55) + (-4 - 0))?
-19
What is 37 - (-122 + 61 + 76)?
22
(-16 + 28 - (11 - 1)) + 22 + 6 + -1
29
Calculate -20 + -74 + 116 - (66 - 0).
-44
Calculate -75 - ((17 - 25) + (-1 + -5 - (-10 + -8))).
-79
Evaluate -34 + 4 + -3 + 62 + -64 + 13.
-22
(-80 + 215 - 119) + -18 + -1
-3
-39 - (74 + -140 + 102)
-75
What is the value of 113 + -90 - 30 - (0 - (1 - 1))?
-7
What is the value of (-16 - (5 + -5 - 9)) + (-57 - -20)?
-44
What is -5 + (-6 - -3 - (5 + 0) - -59) - -2?
48
Calculate 12 + (-20 - -20) + -16 - (-3 + -3 + 102).
-100
What is the value of (-77 - (-24 - -16) - 14) + 24?
-59
Evaluate -22 + 33 + (-54 - -3) + 11 + -15.
-44
Calculate -25 - (-1 + 71 - 90).
-5
Calculate 18 - (-13 + -9 + (13 + -4 - -146)).
-115
Evaluate -7 + (0 - (5 + (1 - -2 - 4 - 9))).
-2
Evaluate 59 - ((-11 + 26 - 18 - (4 - 1)) + 3).
62
Calculate -60 - (10 + 3 - (29 - 18)) - (3 + -1).
-64
Evaluate 31 + 29 - 55 - 37.
-32
Calculate -65 - (-10 + -11 + -16 + 26).
-54
What is -7 + (63 - (22 - 51))?
85
What is the value of -7 + 0 + (-213 - -169)?
-51
What is -2 + (11 - 7) + (-9 - -20) - 75?
-62
What is (14 - -1) + (-9 - (-33 - -13)) - -11?
37
Evaluate 5 + -20 + -4 + 45.
26
37 - ((-5 - (-9 - 12)) + -18)
39
What is 10 - ((38 - -43) + -84)?
13
-45 - -9 - (13 - -1 - -3) - -16
-37
What is -19 + 63 + -46 - (-1 - 1 - 25) - 11?
14
What is 18 + (-19 - 2) + -1 + -62?
-66
What is 3 - -10 - (-14 - ((-195 - -62) + -3 + 0))?
-109
What is the value of -39 + 1 - (-1253 - -1178)?
37
-81 + 77 - (36 - (9 + (-10 - -7)))
-34
Calculate 1 - -43 - (-13743 - -13743).
44
What is -22 + (18 + -7 + 8 - 5)?
-8
Evaluate 300 + -230 + -9 + -6 + 16.
71
What is 6687 + -6612 + 2 + 13 + 3?
93
What is the value of -1 + (5 - -1) + -44 + 31 + -92?
-100
What is 236 - (110 + -131 - -134)?
123
What is 122 - (20 - (-81 - -15))?
36
Evaluate 2 - 33 - (1771 + -1813).
11
Evaluate 133 + 5 + -34 + 6 - 49.
61
What is the value of (-5 - (-12 - -24)) + (-15 - -32)?
0
Calculate -62 - (77 + -115) - -49.
25
(33 + -16 - 9) + 5 + -25
-12
(30 + -1 - 30 - 31) + 8
-24
-5 - 42 - (-2326 + 2343)
-64
Evaluate -5 + -39 + 36 - -2.
-6
Evaluate 8 + -8 + (11 - 6) + (10 - 12).
3
What is -15 + 12 + -3 + 8 + -9 + -53?
-60
Evaluate 75 - 39 - (12 + -33 + 9 + -1).
49
Calculate -2 + -3 + (32 - 1) + 71 + (-11 - 55).
31
(-4 - -28) + -5 + 16 + 8
43
What is (25 + 2 - (12 - 8)) + (-7468 - -7347)?
-98
Evaluate (84 - 196) + 86 - -149.
123
What is 7 + (19 - -18) + -22?
22
What is the value of -12 + -27 - (40 + -110)?
31
2 + -69 - (3836 + -3898)
-5
What is -13743 + 13722 - ((3 - 0) + 1)?
-25
Evaluate -80 - (-163 + -59 + 123).
19
Calculate (-23 - (-28 - -25)) + 10 + -2 + 14.
2
What is 20 + (-7 - 37) + 119 - 36?
59
What is the value of 1 - -11 - (3739 + -3703)?
-24
What is the value of 65 - (91 - (-42 - -155))?
87
What is (0 - -11) + -19 + (13 + -22 + 0 - -35)?
18
Evaluate 4 - (-7 + 5 - -83) - (184 + -181).
-80
Calculate -16 + (-34 - -11) - 7 - 12.
-58
What is (-146 - (126 + -99)) + 59?
-114
Evaluate -51 + -62 + 4 + 24 + 7.
-78
Evaluate 0 - -2 - 2 - (-48 - (7 - 57)).
-2
What is 35 + -79 + 1 - (22 + -8)?
-57
Calculate 36 + (528 - 564 - (94 - 0)).
-94
Calculate 7 - (27 + -10 + -7) - -97.
94
What is the value of (40 - 1) + (-17 + 25 - 16) - (-13 + 19)?
25
What is the value of 17 - (6 + (95 - 7) - 16)?
-61
What is -8 + 1 - (-7 - (31 + 6) - (2 + 4))?
43
Evaluate 10 - (37 + 46 + -67).
-6
779 - 806 - (3 - -20)
-50
-77 + (11 - 15) + 12 - (-6 - (-9 + 8))
-64
What is -38 - (13 - 24 - 3 - (-33 + 6))?
-51
What is the value of 121 - 65 - 46 - (-3 + 1 + -20)?
32
53 + (-472 + 447 - (-8 - 1))
37
What is the value of -6 + (-700 + 711 - (1 - -1))?
3
34 + (-22 - -13) + 2 + 2 - (-8 - -3)
34
What is the value of 98 - (46 - -69 - 77)?
60
Calculate -11 + (1 - -11 - (11 - -9 - -4)).
-23
What is the value of 13 + 4 - (2 - ((-5 - -3) + 1) - 0)?
14
Calculate 32 + (-218 - -234) + (-1 - 55).
-8
What is -288 - -383 - (19 + -11 - 23)?
110
What is the value of 106 - (-24 + 17 + -43 + 73)?
83
What is 54 + (-15 - (-7 + 13 + -2))?
35
What is (-1 - (22 + -1)) + (-50784 - -50917)?
111
Calculate (125 - 139) + 20 + -2 + 2.
6
What is the value of (3 - (3 + 1)) + (556 - 557)?
-2
What is -13 - (5 + -10) - -18 - (59 + -4)?
-45
What is -62 + 59 - -22 - (0 - -17)?
2
Evaluate -30 + (-16 - -38) - (-16 + -3) - 13.
-2
What is 11 - (-23 + (0 - -11) - (-27 + -107))?
-111
Evaluate -53 + (18 - (-14 + 18)) + (-4 - 0) + 0.
-43
What is the value of -2 + -3 + 4 + (-115 - (-72 + -58))?
14
-24 + 140 + -18 - 20 - (5 - 4)
77
Evaluate (20 - 0) + (-8 - (7 - -111)) - -1.
-105
(64 - (8 + 47)) + 24 + 1
34
Evaluate -24 + 33 - (54 - 18 - -7).
-34
What is 14 + 1 + (17 - 33) + (8 - 13 - -25)?
19
Evaluate 11 + -15 + 9 + (36 - (-4 + -5)) + 5.
55
2 + -14 + -43 + 20 + -49 + 31
-53
17 - (-37 + 42 + -36)
48
Evaluate -7 + -22 + (-24 - (-25 - -23)).
-51
What is the value of (-47 + -32 + 104 - 19) + (-73 - 2)?
-69
43 + -222 - (11 + -113)
-77
What is -12 + 32 - 27 - -6 - 18?
-19
Evaluate 5 + 1 + -1 + (-1 + 33 - (209 + -177)).
5
Evaluate 12 + -56 + 40 - -10.
6
-16 + -1 + 10 + 30 - 13 - 46
-36
What is -65 + (4 - (38 + -61))?
-38
Evaluate 33 - (-22 + 52 + -5 + 10).
-2
What is -1203 - -1207 - (-1 - (5 - (-6 - -4) - 5))?
7
Calculate -1112 + 1235 - (-4 + 121).
6
Calculate 50 - ((23 - 11) + -8 + 1 + 18 + -14).
41
What is -28 - -8 - 26 - -32?
-14
Calculate 59 + (-60 - -98) + -50.
47
Evaluate (1 + 1 - 1) + 9 - ((109 - 109) + 54).
-44
Evaluate -139 - (-17 - (97 - -82)).
57
Evaluate 12 + (0 - (29 + -1) - (479 - 488) - -12).
5
58 + 1 + (8720 - 8822)
-43
Evaluate (19 - 14 - (8 + -12)) + (3 + 5 - 3).
14
What is (144 - 135) + -7 + -3?
-1
Evaluate -202 - -211 - (2 - 1 - -9) - (59 - -9).
-69
What is 0 - -2 - (-45 + (5 - (-19 - -4 - -4)))?
31
Evaluate -9 + -1 + (8 - 33 - -10) + 6 + -6.
-25
Evaluate -18 + (-27 - -19) + 4 - 35.
-57
Calculate (7 - 3 - 10) + (2 + -17 - (78 - 102)).
3
What is the value of -35 + 14 + (23 - 10) + -21?
-29
Calculate 0 + 2 + (5 - ((8 - -5) + 28)).
-34
Calculate -177 + 146 + 4 + 56.
29
What is 0 + 4 + (2 - 25) + -298 + 309?
-8
What is the value of -51 - (-7 - 32) - (-5 - -1) - -34?
26
Calculate 50 + (-1 - (52 - 32)) - 125.
-96
What is 420 - 378 - (-1 + -25) - (3 - 0)?
65
Evaluate (35 - 81) + 28 + -7 + 14.
-11
24 - (83 - (42 + 2))
-15
46 + 26 + (-18 - (-32 - -14))
72
What is -5 + -49 + (-59 - -24 - -48)?
-41
What is (-2 - (3 - 3) - 1) + -105 + 74 + 86?
52
What is the value of 76 - (71 - 38) - 20?
23
Evaluate 9 - -86 - (-2 + 2 + -3 - -3).
95
Calculate (-5 - (-6 - (4 - (24 - 0)))) + -13.
-32
What is the value of -17 + -6 + 1001 + -961?
17
Calculate 9 + -1 + (-9 - (-2 - -2)) + 53 + 0.
52
Calculate 24 + -1 + (-363 + 226 - -16).
-98
-2 + -32 + -11 - -3 - (1 + 7 + -5)
-45
What is (34 - 46) + 53 + -1?
40
9 + -15 + 7 + -9 + -8 + 1
-15
What is (-21 - 2) + -42 + 43 + -21?
-43
-16 - 5 - (-60 - -5) - 0
34
What is (-6 - -4) + (121 - (67 - 17))?
69
What is 223 + -289 + -1 + 17 - (-5 - -2)?
-47
What is (6 - 12 - (-35 - 2)) + -57 + 65?
39
What is -7 + 1 + -9 + 0 - -65 - 3?
47
Calculate -60 + 10 + -104 + 93 + 11 + (2 - 3).
-51
What is -11 + 24 + 9 + (0 - 19) - 5?
-2
4 + 2 + (6 - (-11 + 9 - 1) - 26)
-11
Evaluate -42 - ((-15 - -11 - -19) + 11 + -12).
-56
What is the value of -25 + (-200 - -229 - (28 + 0))?
-24
What is the value of -162 + 57 + 18 - -93?
6
Evaluate 25 + -3 + -67 - (4 + -5 + -10).
-34
What is -1 + -18 + (13 + -12 - ((-25 - -38) + -9))?
-22
Calculate (1035 + -1099 - (1 + -40)) + -89.
-114
What is the value of -51 - ((-6 - (-31 - -17)) + (4 - 5)) - -4?
-54
Evaluate 12 - (1 + 22 - (-21 - ((-62 - -1) + 33))).
-4
What is the value of 9 - 1 - (72 + -12 + (1 - -4) + -7)?
-50
Evaluate -30 + 38 + -15 + -41.
-48
What is the value of 10 + (43 + -35 - (-6 - 5)) - 11?
18
(11 - (-13 + 37)) + (13 - -3)
3
What is the value of 20 - -2 - (2 - (20 - 12) - 7 - -10)?
25
What is the value of (1828 - 2089) + (4 - -114)?
-143
Evaluate (8 